{"id":2392,"date":"2026-03-16T12:52:48","date_gmt":"2026-03-16T15:52:48","guid":{"rendered":"https:\/\/lillo.org.ar\/uel\/?page_id=2392"},"modified":"2026-03-16T12:52:48","modified_gmt":"2026-03-16T15:52:48","slug":"stan-mamiferos-2","status":"publish","type":"page","link":"https:\/\/lillo.org.ar\/uel\/stan-mamiferos-2\/","title":{"rendered":"STAN: Mam\u00edferos (2)"},"content":{"rendered":"<h3>Detalle<\/h3>\n<p>Capacitaci\u00f3n en estudio de biodiversidad de mam\u00edferos incluyendo: taxonom\u00eda; ecolog\u00eda; biolog\u00eda general; biodiversidad; distribuci\u00f3n geogr\u00e1fica; conservaci\u00f3n; endemismo; m\u00e9todos de registros, captura, colecta, taxidermia, procesamiento de laboratorio, y preservaci\u00f3n de espec\u00edmenes; elaboraci\u00f3n de bases de datos; identificaci\u00f3n, mapeo, y monitoreo. Destinado a particulares, empresas privadas, y organismos gubernamentales y no gubernamentales.<\/p>\n<h3>Metodolog\u00eda<\/h3>\n<p>Charlas informativas, seminarios, talleres de capacitaci\u00f3n, cursos te\u00f3rico pr\u00e1cticos de grado y postgrado, elaboraci\u00f3n de informes y otros documentos. Incluye provisi\u00f3n de material bibliogr\u00e1fico con la informaci\u00f3n t\u00e9cnica del dictado de curso\/capacitaci\u00f3n. <\/p>\n<h3>Contacto<\/h3>\n<p>uel@conicet.gov.ar<\/p>\n","protected":false},"excerpt":{"rendered":"<p>Detalle Capacitaci\u00f3n en estudio de biodiversidad de mam\u00edferos incluyendo: taxonom\u00eda; ecolog\u00eda; biolog\u00eda general; biodiversidad; distribuci\u00f3n geogr\u00e1fica; conservaci\u00f3n; endemismo; m\u00e9todos de registros, captura, colecta, taxidermia, procesamiento de laboratorio, y preservaci\u00f3n de espec\u00edmenes; elaboraci\u00f3n de bases de datos; identificaci\u00f3n, mapeo, y monitoreo. Destinado a particulares, empresas privadas, y organismos gubernamentales y no gubernamentales. Metodolog\u00eda Charlas informativas, seminarios, [&hellip;]<\/p>\n","protected":false},"author":66,"featured_media":0,"parent":0,"menu_order":0,"comment_status":"closed","ping_status":"closed","template":"","meta":[],"aioseo_notices":[],"_links":{"self":[{"href":"https:\/\/lillo.org.ar\/uel\/wp-json\/wp\/v2\/pages\/2392"}],"collection":[{"href":"https:\/\/lillo.org.ar\/uel\/wp-json\/wp\/v2\/pages"}],"about":[{"href":"https:\/\/lillo.org.ar\/uel\/wp-json\/wp\/v2\/types\/page"}],"author":[{"embeddable":true,"href":"https:\/\/lillo.org.ar\/uel\/wp-json\/wp\/v2\/users\/66"}],"replies":[{"embeddable":true,"href":"https:\/\/lillo.org.ar\/uel\/wp-json\/wp\/v2\/comments?post=2392"}],"version-history":[{"count":1,"href":"https:\/\/lillo.org.ar\/uel\/wp-json\/wp\/v2\/pages\/2392\/revisions"}],"predecessor-version":[{"id":2393,"href":"https:\/\/lillo.org.ar\/uel\/wp-json\/wp\/v2\/pages\/2392\/revisions\/2393"}],"wp:attachment":[{"href":"https:\/\/lillo.org.ar\/uel\/wp-json\/wp\/v2\/media?parent=2392"}],"curies":[{"name":"wp","href":"https:\/\/api.w.org\/{rel}","templated":true}]}}

STAN: Mamíferos (2)

<h3>Detalle</h3>
<p>Capacitación en estudio de biodiversidad de mamíferos incluyendo: taxonomía; ecología; biología general; biodiversidad; distribución geográfica; conservación; endemismo; métodos de registros, captura, colecta, taxidermia, procesamiento de laboratorio, y preservación de especímenes; elaboración de bases de datos; identificación, mapeo, y monitoreo. Destinado a particulares, empresas privadas, y organismos gubernamentales y no gubernamentales.</p>
<h3>Metodología</h3>
<p>Charlas informativas, seminarios, talleres de capacitación, cursos teórico prácticos de grado y postgrado, elaboración de informes y otros documentos. Incluye provisión de material bibliográfico con la información técnica del dictado de curso/capacitación. </p>
<h3>Contacto</h3>
<p>uel@conicet.gov.ar</p>

<p>Detalle Capacitación en estudio de biodiversidad de mamíferos incluyendo: taxonomía; ecología; biología general; biodiversidad; distribución geográfica; conservación; endemismo; métodos de registros, captura, colecta, taxidermia, procesamiento de laboratorio, y preservación de especímenes; elaboración de bases de datos; identificación, mapeo, y monitoreo. Destinado a particulares, empresas privadas, y organismos gubernamentales y no gubernamentales. Metodología Charlas informativas, seminarios, [&hellip;]</p>
