{"id":2388,"date":"2026-03-16T12:48:12","date_gmt":"2026-03-16T15:48:12","guid":{"rendered":"https:\/\/lillo.org.ar\/uel\/?page_id=2388"},"modified":"2026-03-16T12:48:12","modified_gmt":"2026-03-16T15:48:12","slug":"stan-herpetologia-2","status":"publish","type":"page","link":"https:\/\/lillo.org.ar\/uel\/stan-herpetologia-2\/","title":{"rendered":"STAN: Herpetolog\u00eda (2)"},"content":{"rendered":"<h3>Detalle<\/h3>\n<p>Desarrollar actividades de campo, laboratorio y oficina relacionadas a los anfibios (ranas y sapos) y reptiles (lagartijas, v\u00edboras, tortugas, yacar\u00e9s). Se ofrece el servicio para emprendimientos que requieran relevamiento, identificaci\u00f3n taxon\u00f3mica, estado de conservaci\u00f3n, ecolog\u00eda y aspectos biol\u00f3gicos generales de anfibios y reptiles, como l\u00edneas de base, monitoreos, evaluaci\u00f3n de informes, identificaci\u00f3n de especies, estado de conservaci\u00f3n, acciones de conservaci\u00f3n, entre otras.<\/p>\n<h3>Metodolog\u00eda<\/h3>\n<p>La metodolog\u00eda a utilizar ser\u00e1 en funci\u00f3n de la actividad a realizar y en base a la experticia de los investigadores. Los trabajos de colecta y monitoreo se realizar\u00e1n con metodolog\u00edas que preserven la integridad del animal, evitando el uso de acciones violentas. Los trabajos y acciones de conservaci\u00f3n seguir\u00e1n los protocolos de la IUCN. El desarrollo y evaluaci\u00f3n de informes, as\u00ed como el an\u00e1lisis y manipulaci\u00f3n de muestras se realizar\u00e1n en los laboratorios y gabinetes del lugar de trabajo de los investigadores, con las t\u00e9cnicas y protocolos pertinentes. Se dar\u00e1 cumplimiento a la normativa sobre Convenio de Diversidad Biol\u00f3gica y Protocolo de Nagoya. <\/p>\n<h3>Contacto<\/h3>\n<p>uel@conicet.gov.ar<\/p>\n","protected":false},"excerpt":{"rendered":"<p>Detalle Desarrollar actividades de campo, laboratorio y oficina relacionadas a los anfibios (ranas y sapos) y reptiles (lagartijas, v\u00edboras, tortugas, yacar\u00e9s). Se ofrece el servicio para emprendimientos que requieran relevamiento, identificaci\u00f3n taxon\u00f3mica, estado de conservaci\u00f3n, ecolog\u00eda y aspectos biol\u00f3gicos generales de anfibios y reptiles, como l\u00edneas de base, monitoreos, evaluaci\u00f3n de informes, identificaci\u00f3n de especies, [&hellip;]<\/p>\n","protected":false},"author":66,"featured_media":0,"parent":0,"menu_order":0,"comment_status":"closed","ping_status":"closed","template":"","meta":[],"aioseo_notices":[],"_links":{"self":[{"href":"https:\/\/lillo.org.ar\/uel\/wp-json\/wp\/v2\/pages\/2388"}],"collection":[{"href":"https:\/\/lillo.org.ar\/uel\/wp-json\/wp\/v2\/pages"}],"about":[{"href":"https:\/\/lillo.org.ar\/uel\/wp-json\/wp\/v2\/types\/page"}],"author":[{"embeddable":true,"href":"https:\/\/lillo.org.ar\/uel\/wp-json\/wp\/v2\/users\/66"}],"replies":[{"embeddable":true,"href":"https:\/\/lillo.org.ar\/uel\/wp-json\/wp\/v2\/comments?post=2388"}],"version-history":[{"count":1,"href":"https:\/\/lillo.org.ar\/uel\/wp-json\/wp\/v2\/pages\/2388\/revisions"}],"predecessor-version":[{"id":2389,"href":"https:\/\/lillo.org.ar\/uel\/wp-json\/wp\/v2\/pages\/2388\/revisions\/2389"}],"wp:attachment":[{"href":"https:\/\/lillo.org.ar\/uel\/wp-json\/wp\/v2\/media?parent=2388"}],"curies":[{"name":"wp","href":"https:\/\/api.w.org\/{rel}","templated":true}]}}