{"id":2377,"date":"2026-03-16T12:32:40","date_gmt":"2026-03-16T15:32:40","guid":{"rendered":"https:\/\/lillo.org.ar\/uel\/?page_id=2377"},"modified":"2026-03-17T13:34:06","modified_gmt":"2026-03-17T16:34:06","slug":"stan-capacitacion-en-biologia-organismica","status":"publish","type":"page","link":"https:\/\/lillo.org.ar\/uel\/stan-capacitacion-en-biologia-organismica\/","title":{"rendered":"STAN: Capacitaci\u00f3n en Biolog\u00eda Organ\u00edsmica"},"content":{"rendered":"<h3>Detalle<\/h3>\n<p>Cursos, Jornadas, adiestramientos, foros de discusi\u00f3n dirigidos a investigadores, estudiantes de posgrado y\/o alumnos de grado. Capacitaci\u00f3n te\u00f3rica y pr\u00e1ctica en an\u00e1lisis filogen\u00e9ticos, biogeogr\u00e1ficos y taxon\u00f3micos. Capacitaci\u00f3n te\u00f3rica y pr\u00e1ctica en estudios morfol\u00f3gicos, morfo-geom\u00e9tricos y ecol\u00f3gicos. Se entregar\u00e1n certificados de asistencia o de aprobaci\u00f3n seg\u00fan el caso. <\/p>\n<h3>Metodolog\u00eda<\/h3>\n<p>Conferencias, cursos, simposios y talleres sobre la tem\u00e1tica planteada<\/p>\n<h3>Contacto<\/h3>\n<p>uel@conicet.gov.ar<\/p>\n","protected":false},"excerpt":{"rendered":"<p>Detalle Cursos, Jornadas, adiestramientos, foros de discusi\u00f3n dirigidos a investigadores, estudiantes de posgrado y\/o alumnos de grado. Capacitaci\u00f3n te\u00f3rica y pr\u00e1ctica en an\u00e1lisis filogen\u00e9ticos, biogeogr\u00e1ficos y taxon\u00f3micos. Capacitaci\u00f3n te\u00f3rica y pr\u00e1ctica en estudios morfol\u00f3gicos, morfo-geom\u00e9tricos y ecol\u00f3gicos. Se entregar\u00e1n certificados de asistencia o de aprobaci\u00f3n seg\u00fan el caso. Metodolog\u00eda Conferencias, cursos, simposios y talleres sobre [&hellip;]<\/p>\n","protected":false},"author":66,"featured_media":0,"parent":0,"menu_order":0,"comment_status":"closed","ping_status":"closed","template":"","meta":[],"aioseo_notices":[],"_links":{"self":[{"href":"https:\/\/lillo.org.ar\/uel\/wp-json\/wp\/v2\/pages\/2377"}],"collection":[{"href":"https:\/\/lillo.org.ar\/uel\/wp-json\/wp\/v2\/pages"}],"about":[{"href":"https:\/\/lillo.org.ar\/uel\/wp-json\/wp\/v2\/types\/page"}],"author":[{"embeddable":true,"href":"https:\/\/lillo.org.ar\/uel\/wp-json\/wp\/v2\/users\/66"}],"replies":[{"embeddable":true,"href":"https:\/\/lillo.org.ar\/uel\/wp-json\/wp\/v2\/comments?post=2377"}],"version-history":[{"count":1,"href":"https:\/\/lillo.org.ar\/uel\/wp-json\/wp\/v2\/pages\/2377\/revisions"}],"predecessor-version":[{"id":2378,"href":"https:\/\/lillo.org.ar\/uel\/wp-json\/wp\/v2\/pages\/2377\/revisions\/2378"}],"wp:attachment":[{"href":"https:\/\/lillo.org.ar\/uel\/wp-json\/wp\/v2\/media?parent=2377"}],"curies":[{"name":"wp","href":"https:\/\/api.w.org\/{rel}","templated":true}]}}

STAN: Capacitación en Biología Organísmica

<h3>Detalle</h3>
<p>Cursos, Jornadas, adiestramientos, foros de discusión dirigidos a investigadores, estudiantes de posgrado y/o alumnos de grado. Capacitación teórica y práctica en análisis filogenéticos, biogeográficos y taxonómicos. Capacitación teórica y práctica en estudios morfológicos, morfo-geométricos y ecológicos. Se entregarán certificados de asistencia o de aprobación según el caso. </p>
<h3>Metodología</h3>
<p>Conferencias, cursos, simposios y talleres sobre la temática planteada</p>
<h3>Contacto</h3>
<p>uel@conicet.gov.ar</p>

<p>Detalle Cursos, Jornadas, adiestramientos, foros de discusión dirigidos a investigadores, estudiantes de posgrado y/o alumnos de grado. Capacitación teórica y práctica en análisis filogenéticos, biogeográficos y taxonómicos. Capacitación teórica y práctica en estudios morfológicos, morfo-geométricos y ecológicos. Se entregarán certificados de asistencia o de aprobación según el caso. Metodología Conferencias, cursos, simposios y talleres sobre [&hellip;]</p>
