{"id":2040,"date":"2025-09-16T14:59:28","date_gmt":"2025-09-16T17:59:28","guid":{"rendered":"https:\/\/lillo.org.ar\/uel\/?page_id=2040"},"modified":"2025-09-16T15:03:42","modified_gmt":"2025-09-16T18:03:42","slug":"a-new-species-of-the-banjo-catfish-genus-ernstichthys-siluriformes-aspredinidae-from-the-bermejo-river-drainage-la-plata-basin-argentina","status":"publish","type":"page","link":"https:\/\/lillo.org.ar\/uel\/a-new-species-of-the-banjo-catfish-genus-ernstichthys-siluriformes-aspredinidae-from-the-bermejo-river-drainage-la-plata-basin-argentina\/","title":{"rendered":"Un nuevo bagre banjo descubierto en Argentina"},"content":{"rendered":"<p>Cient\u00edficos argentinos y colombianos descubrieron en la cuenca del r\u00edo Bermejo, en el noroeste del pa\u00eds, una nueva especie de pez: Ernstichthys casalinuovoi, un peque\u00f1o bagre conocido como \u201cbagre banjo\u201d por la forma de su cuerpo.<\/p>\n<p>El hallazgo es significativo porque representa el primer registro en Argentina del g\u00e9nero Ernstichthys y de toda la subfamilia Hoplomyzontinae, ampliando la distribuci\u00f3n conocida de este grupo.<\/p>\n<p>La especie fue encontrada en aguas poco profundas y r\u00e1pidas de los r\u00edos San Lorenzo, San Francisco y Bermejo, en las provincias de Jujuy y Salta. Sus caracter\u00edsticas distintivas incluyen un patr\u00f3n particular de manchas oscuras, barbillones en la boca y un n\u00famero espec\u00edfico de placas \u00f3seas en el cuerpo.<\/p>\n<p>\u201cEl descubrimiento confirma que el Bermejo es un verdadero hotspot de biodiversidad, donde conviven especies end\u00e9micas con elementos amaz\u00f3nicos y del Paran\u00e1\u201d, se\u00f1alan los autores.<\/p>\n<p>El nombre de la nueva especie rinde homenaje al icti\u00f3logo argentino Miguel \u00c1ngel Casalinuovo, recordado por su aporte a la ciencia y la amistad con los investigadores que realizaron la descripci\u00f3n.<\/p>\n<p>Este hallazgo subraya la importancia de continuar explorando y protegiendo los r\u00edos del noroeste argentino, donde a\u00fan quedan especies por descubrir antes de que la degradaci\u00f3n ambiental las amenace.<\/p>\n<p><img loading=\"lazy\" src=\"http:\/\/lillo.org.ar\/uel\/wp-content\/uploads\/berm1-760x343.jpg\" alt=\"\" width=\"760\" height=\"343\" class=\"aligncenter size-large wp-image-2043\" srcset=\"https:\/\/lillo.org.ar\/uel\/wp-content\/uploads\/berm1-760x343.jpg 760w, https:\/\/lillo.org.ar\/uel\/wp-content\/uploads\/berm1-400x181.jpg 400w, https:\/\/lillo.org.ar\/uel\/wp-content\/uploads\/berm1-768x347.jpg 768w, https:\/\/lillo.org.ar\/uel\/wp-content\/uploads\/berm1-rotated.jpg 850w\" sizes=\"(max-width: 760px) 100vw, 760px\" \/><\/p>\n<p><img loading=\"lazy\" src=\"http:\/\/lillo.org.ar\/uel\/wp-content\/uploads\/berm2-536x760.jpg\" alt=\"\" width=\"536\" height=\"760\" class=\"aligncenter size-large wp-image-2044\" srcset=\"https:\/\/lillo.org.ar\/uel\/wp-content\/uploads\/berm2-536x760.jpg 536w, https:\/\/lillo.org.ar\/uel\/wp-content\/uploads\/berm2-282x400.jpg 282w, https:\/\/lillo.org.ar\/uel\/wp-content\/uploads\/berm2.jpg 635w\" sizes=\"(max-width: 536px) 100vw, 536px\" \/><\/p>\n<p>Autores:<\/p>\n<p>Aguilera; Ter\u00e1n, M\u00e9ndez-Lopez, Montes, Carvalho<\/p>\n<p><a href=\"https:\/\/bioone.org\/journals\/ichthyology-and-herpetology\/volume-113\/issue-3\/i2024072\/A-New-Species-of-the-Banjo-Catfish-Genus-Ernstichthys-Siluriformes\/10.1643\/i2024072.short\">Enlace al art\u00edculo<\/a><\/p>\n","protected":false},"excerpt":{"rendered":"<p>Cient\u00edficos argentinos y colombianos descubrieron en la cuenca del r\u00edo Bermejo, en el noroeste del pa\u00eds, una nueva especie de pez: Ernstichthys casalinuovoi, un peque\u00f1o bagre conocido como \u201cbagre banjo\u201d por la forma de su cuerpo. El hallazgo es significativo porque representa el primer registro en Argentina del g\u00e9nero Ernstichthys y de toda la subfamilia [&hellip;]<\/p>\n","protected":false},"author":66,"featured_media":0,"parent":0,"menu_order":0,"comment_status":"closed","ping_status":"closed","template":"","meta":[],"aioseo_notices":[],"_links":{"self":[{"href":"https:\/\/lillo.org.ar\/uel\/wp-json\/wp\/v2\/pages\/2040"}],"collection":[{"href":"https:\/\/lillo.org.ar\/uel\/wp-json\/wp\/v2\/pages"}],"about":[{"href":"https:\/\/lillo.org.ar\/uel\/wp-json\/wp\/v2\/types\/page"}],"author":[{"embeddable":true,"href":"https:\/\/lillo.org.ar\/uel\/wp-json\/wp\/v2\/users\/66"}],"replies":[{"embeddable":true,"href":"https:\/\/lillo.org.ar\/uel\/wp-json\/wp\/v2\/comments?post=2040"}],"version-history":[{"count":9,"href":"https:\/\/lillo.org.ar\/uel\/wp-json\/wp\/v2\/pages\/2040\/revisions"}],"predecessor-version":[{"id":2051,"href":"https:\/\/lillo.org.ar\/uel\/wp-json\/wp\/v2\/pages\/2040\/revisions\/2051"}],"wp:attachment":[{"href":"https:\/\/lillo.org.ar\/uel\/wp-json\/wp\/v2\/media?parent=2040"}],"curies":[{"name":"wp","href":"https:\/\/api.w.org\/{rel}","templated":true}]}}