{"id":1624,"date":"2023-09-01T15:54:54","date_gmt":"2023-09-01T18:54:54","guid":{"rendered":"http:\/\/lillo.org.ar\/uel\/\/?page_id=1624"},"modified":"2023-10-26T12:46:31","modified_gmt":"2023-10-26T15:46:31","slug":"universo-tucumano","status":"publish","type":"page","link":"https:\/\/lillo.org.ar\/uel\/universo-tucumano\/","title":{"rendered":"Universo Tucumano"},"content":{"rendered":"<div id='gallery-1' class='gallery galleryid-1624 gallery-columns-3 gallery-size-thumbnail'><figure class='gallery-item'>\n\t\t\t<div class='gallery-icon portrait'>\n\t\t\t\t<a href='https:\/\/lillo.org.ar\/uel\/universo-tucumano\/universo2018_2\/'><img width=\"150\" height=\"150\" src=\"https:\/\/lillo.org.ar\/uel\/wp-content\/uploads\/universo2018_2-150x150.jpg\" class=\"attachment-thumbnail size-thumbnail\" alt=\"\" loading=\"lazy\" \/><\/a>\n\t\t\t<\/div><\/figure><figure class='gallery-item'>\n\t\t\t<div class='gallery-icon portrait'>\n\t\t\t\t<a href='https:\/\/lillo.org.ar\/uel\/universo-tucumano\/universo2018\/'><img width=\"150\" height=\"150\" src=\"https:\/\/lillo.org.ar\/uel\/wp-content\/uploads\/universo2018-150x150.jpg\" class=\"attachment-thumbnail size-thumbnail\" alt=\"\" loading=\"lazy\" \/><\/a>\n\t\t\t<\/div><\/figure><figure class='gallery-item'>\n\t\t\t<div class='gallery-icon portrait'>\n\t\t\t\t<a href='https:\/\/lillo.org.ar\/uel\/universo-tucumano\/universo2023_2\/'><img width=\"150\" height=\"150\" src=\"https:\/\/lillo.org.ar\/uel\/wp-content\/uploads\/universo2023_2-150x150.jpg\" class=\"attachment-thumbnail size-thumbnail\" alt=\"\" loading=\"lazy\" \/><\/a>\n\t\t\t<\/div><\/figure><figure class='gallery-item'>\n\t\t\t<div class='gallery-icon portrait'>\n\t\t\t\t<a href='https:\/\/lillo.org.ar\/uel\/universo-tucumano\/universo2023\/'><img width=\"150\" height=\"150\" src=\"https:\/\/lillo.org.ar\/uel\/wp-content\/uploads\/universo2023-150x150.jpg\" class=\"attachment-thumbnail size-thumbnail\" alt=\"\" loading=\"lazy\" \/><\/a>\n\t\t\t<\/div><\/figure>\n\t\t<\/div>\n\n<p align=\"justify\">\nLa UE Lillo -dada su impronta CONICET- tiene como objetivo hacer accesible nuestros hallazgos y tambi\u00e9n as\u00ed lograr un intercambio del conocimiento con nuestra sociedad. Esta interacci\u00f3n con la sociedad se complementa con la edici\u00f3n de una revista de libre acceso para el p\u00fablico general que surge como convenio con la FML y trata sobre la biodiversidad de la provincia de Tucum\u00e1n. El sitio web donde pueden leer o bajar de modo gratuito los fasc\u00edculos de Universo Tucumano es:\n<\/p>\n<p><a href=\"https:\/\/www.lillo.org.ar\/editorial\/index.php\/publicaciones\/catalog\/series\/universo-tucumano\">https:\/\/www.lillo.org.ar\/editorial\/index.php\/publicaciones\/catalog\/series\/universo-tucumano<\/a><\/p>\n<p align=\"justify\">\nEn definitiva, esta publicaci\u00f3n hace accesible el conocimiento generado en<br \/>\nel Lillo a toda persona con inter\u00e9s en la naturaleza. Durante 2023 estamos llegando al n\u00famero 100!<br \/>\nRecientemente hemos renovado el cuerpo editorial. Editoras en jefe: M. Laura Ju\u00e1rez (UEL, CONICET) y M. Paula Cabrera (FML), editores asociades Patricia Asesor (FML) y Jorge Flores (UEL, CONICET).<\/p>\n","protected":false},"excerpt":{"rendered":"<p>La UE Lillo -dada su impronta CONICET- tiene como objetivo hacer accesible nuestros hallazgos y tambi\u00e9n as\u00ed lograr un intercambio del conocimiento con nuestra sociedad. Esta interacci\u00f3n con la sociedad se complementa con la edici\u00f3n de una revista de libre acceso para el p\u00fablico general que surge como convenio con la FML y trata sobre [&hellip;]<\/p>\n","protected":false},"author":66,"featured_media":0,"parent":0,"menu_order":0,"comment_status":"closed","ping_status":"closed","template":"","meta":[],"aioseo_notices":[],"_links":{"self":[{"href":"https:\/\/lillo.org.ar\/uel\/wp-json\/wp\/v2\/pages\/1624"}],"collection":[{"href":"https:\/\/lillo.org.ar\/uel\/wp-json\/wp\/v2\/pages"}],"about":[{"href":"https:\/\/lillo.org.ar\/uel\/wp-json\/wp\/v2\/types\/page"}],"author":[{"embeddable":true,"href":"https:\/\/lillo.org.ar\/uel\/wp-json\/wp\/v2\/users\/66"}],"replies":[{"embeddable":true,"href":"https:\/\/lillo.org.ar\/uel\/wp-json\/wp\/v2\/comments?post=1624"}],"version-history":[{"count":4,"href":"https:\/\/lillo.org.ar\/uel\/wp-json\/wp\/v2\/pages\/1624\/revisions"}],"predecessor-version":[{"id":1784,"href":"https:\/\/lillo.org.ar\/uel\/wp-json\/wp\/v2\/pages\/1624\/revisions\/1784"}],"wp:attachment":[{"href":"https:\/\/lillo.org.ar\/uel\/wp-json\/wp\/v2\/media?parent=1624"}],"curies":[{"name":"wp","href":"https:\/\/api.w.org\/{rel}","templated":true}]}}