{"id":1247,"date":"2022-07-22T12:25:19","date_gmt":"2022-07-22T15:25:19","guid":{"rendered":"http:\/\/lillo.org.ar\/uel\/\/?page_id=1247"},"modified":"2025-12-30T15:37:30","modified_gmt":"2025-12-30T18:37:30","slug":"areas","status":"publish","type":"page","link":"https:\/\/lillo.org.ar\/uel\/areas\/","title":{"rendered":"\u00c1reas de investigaci\u00f3n"},"content":{"rendered":"<div class=\"areas_container\">\n<div class=\"areas_block\" onclick=\"location.href='http:\/\/lillo.org.ar\/uel\/botanica\/'\">\n<h3>Bot\u00e1nica<\/h3>\n<p><img loading=\"lazy\" src=\"http:\/\/lillo.org.ar\/uel\/wp-content\/uploads\/20240827_122834-e1765284255752-400x300.jpg\" alt=\"\" width=\"396\" height=\"297\" class=\"wp-image-2111 alignnone\" srcset=\"https:\/\/lillo.org.ar\/uel\/wp-content\/uploads\/20240827_122834-e1765284255752-400x300.jpg 400w, https:\/\/lillo.org.ar\/uel\/wp-content\/uploads\/20240827_122834-e1765284255752-760x570.jpg 760w, https:\/\/lillo.org.ar\/uel\/wp-content\/uploads\/20240827_122834-e1765284255752-768x576.jpg 768w, https:\/\/lillo.org.ar\/uel\/wp-content\/uploads\/20240827_122834-e1765284255752.jpg 900w\" sizes=\"(max-width: 396px) 100vw, 396px\" \/><\/p>\n<\/div>\n<div class=\"areas_block\" onclick=\"location.href='http:\/\/lillo.org.ar\/uel\/entomologia\/'\">\n<h3>Entomolog\u00eda<\/h3>\n<p><img loading=\"lazy\" src=\"http:\/\/lillo.org.ar\/uel\/wp-content\/uploads\/whatsapp-image-2025-12-11-at-13-06-30-e1766000709508.jpeg\" alt=\"\" width=\"400\" height=\"267\" class=\"alignnone wp-image-2193 size-medium\" \/><\/p>\n<\/div>\n<div class=\"areas_block\" onclick=\"location.href='http:\/\/lillo.org.ar\/uel\/herpetologia\/'\">\n<h3>Herpetolog\u00eda<\/h3>\n<p><img loading=\"lazy\" src=\"http:\/\/lillo.org.ar\/uel\/wp-content\/uploads\/rana_marron_leptodactylus-bufonius_hfolly-400x267.jpg\" alt=\"\" width=\"400\" height=\"267\" class=\"alignnone wp-image-1468 size-medium\" srcset=\"https:\/\/lillo.org.ar\/uel\/wp-content\/uploads\/rana_marron_leptodactylus-bufonius_hfolly-400x267.jpg 400w, https:\/\/lillo.org.ar\/uel\/wp-content\/uploads\/rana_marron_leptodactylus-bufonius_hfolly-760x507.jpg 760w, https:\/\/lillo.org.ar\/uel\/wp-content\/uploads\/rana_marron_leptodactylus-bufonius_hfolly-768x512.jpg 768w, https:\/\/lillo.org.ar\/uel\/wp-content\/uploads\/rana_marron_leptodactylus-bufonius_hfolly.jpg 1350w\" sizes=\"(max-width: 400px) 100vw, 400px\" \/><\/p>\n<\/div>\n<div class=\"areas_block\" onclick=\"location.href='http:\/\/lillo.org.ar\/uel\/ictiologia\/'\">\n<h3>Ictiolog\u00eda<\/h3>\n<p><img loading=\"lazy\" src=\"http:\/\/lillo.org.ar\/uel\/wp-content\/uploads\/pez_fondo_negro-400x267.jpg\" alt=\"\" width=\"400\" height=\"267\" class=\"size-medium wp-image-1470 alignnone\" srcset=\"https:\/\/lillo.org.ar\/uel\/wp-content\/uploads\/pez_fondo_negro-400x267.jpg 400w, https:\/\/lillo.org.ar\/uel\/wp-content\/uploads\/pez_fondo_negro-760x507.jpg 760w, https:\/\/lillo.org.ar\/uel\/wp-content\/uploads\/pez_fondo_negro-768x512.jpg 768w, https:\/\/lillo.org.ar\/uel\/wp-content\/uploads\/pez_fondo_negro.jpg 1350w\" sizes=\"(max-width: 400px) 100vw, 400px\" \/><\/p>\n<\/div>\n<div class=\"areas_block\" onclick=\"location.href='http:\/\/lillo.org.ar\/uel\/mastozoologia\/'\">\n<h3>Mastozoolog\u00eda<\/h3>\n<p><img loading=\"lazy\" src=\"http:\/\/lillo.org.ar\/uel\/wp-content\/uploads\/ratoncillo-1-400x246.jpg\" alt=\"\" width=\"400\" height=\"246\" class=\"alignnone wp-image-2220 size-medium\" srcset=\"https:\/\/lillo.org.ar\/uel\/wp-content\/uploads\/ratoncillo-1-400x246.jpg 400w, https:\/\/lillo.org.ar\/uel\/wp-content\/uploads\/ratoncillo-1-760x467.jpg 760w, https:\/\/lillo.org.ar\/uel\/wp-content\/uploads\/ratoncillo-1-768x472.jpg 768w, https:\/\/lillo.org.ar\/uel\/wp-content\/uploads\/ratoncillo-1.jpg 1465w\" sizes=\"(max-width: 400px) 100vw, 400px\" \/><\/p>\n<\/div>\n<div class=\"areas_block\" onclick=\"location.href='http:\/\/lillo.org.ar\/uel\/metodologia\/'\">\n<h3>Metodolog\u00eda<\/h3>\n<p><img src=\"https:\/\/www.researchgate.net\/profile\/Andreia-Teixeira-8\/publication\/334707019\/figure\/fig2\/AS:786079917543426@1564427465750\/Tree-of-Life-Charles-Darwins-1837-first-diagram-of-an-evolutionary-tree-sketch-from.ppm\" \/><\/p>\n<\/div>\n<div class=\"areas_block\" onclick=\"location.href='http:\/\/lillo.org.ar\/uel\/ornitologia\/'\">\n<h3>Ornitolog\u00eda<\/h3>\n<p><img loading=\"lazy\" src=\"http:\/\/lillo.org.ar\/uel\/wp-content\/uploads\/nandu-400x300.jpeg\" alt=\"\" width=\"400\" height=\"300\" class=\"alignnone size-medium wp-image-1475\" srcset=\"https:\/\/lillo.org.ar\/uel\/wp-content\/uploads\/nandu-400x300.jpeg 400w, https:\/\/lillo.org.ar\/uel\/wp-content\/uploads\/nandu-760x570.jpeg 760w, https:\/\/lillo.org.ar\/uel\/wp-content\/uploads\/nandu-768x576.jpeg 768w, https:\/\/lillo.org.ar\/uel\/wp-content\/uploads\/nandu.jpeg 1199w\" sizes=\"(max-width: 400px) 100vw, 400px\" \/><\/p>\n<\/div>\n<div class=\"areas_block\" onclick=\"location.href='http:\/\/lillo.org.ar\/uel\/paleontologia\/'\">\n<h3>Paleontolog\u00eda<\/h3>\n<p><img loading=\"lazy\" src=\"http:\/\/lillo.org.ar\/uel\/wp-content\/uploads\/callistoe_trans.png\" alt=\"\" width=\"400\" height=\"299\" class=\"alignnone size-medium wp-image-1477\" \/><\/p>\n<\/div>\n<\/div>\n","protected":false},"excerpt":{"rendered":"<p>Bot\u00e1nica Entomolog\u00eda Herpetolog\u00eda Ictiolog\u00eda Mastozoolog\u00eda Metodolog\u00eda Ornitolog\u00eda Paleontolog\u00eda<\/p>\n","protected":false},"author":66,"featured_media":0,"parent":0,"menu_order":0,"comment_status":"closed","ping_status":"closed","template":"","meta":[],"aioseo_notices":[],"_links":{"self":[{"href":"https:\/\/lillo.org.ar\/uel\/wp-json\/wp\/v2\/pages\/1247"}],"collection":[{"href":"https:\/\/lillo.org.ar\/uel\/wp-json\/wp\/v2\/pages"}],"about":[{"href":"https:\/\/lillo.org.ar\/uel\/wp-json\/wp\/v2\/types\/page"}],"author":[{"embeddable":true,"href":"https:\/\/lillo.org.ar\/uel\/wp-json\/wp\/v2\/users\/66"}],"replies":[{"embeddable":true,"href":"https:\/\/lillo.org.ar\/uel\/wp-json\/wp\/v2\/comments?post=1247"}],"version-history":[{"count":67,"href":"https:\/\/lillo.org.ar\/uel\/wp-json\/wp\/v2\/pages\/1247\/revisions"}],"predecessor-version":[{"id":2285,"href":"https:\/\/lillo.org.ar\/uel\/wp-json\/wp\/v2\/pages\/1247\/revisions\/2285"}],"wp:attachment":[{"href":"https:\/\/lillo.org.ar\/uel\/wp-json\/wp\/v2\/media?parent=1247"}],"curies":[{"name":"wp","href":"https:\/\/api.w.org\/{rel}","templated":true}]}}