{"id":1240,"date":"2022-07-22T12:19:33","date_gmt":"2022-07-22T15:19:33","guid":{"rendered":"http:\/\/lillo.org.ar\/uel\/\/?page_id=1240"},"modified":"2023-09-01T13:05:25","modified_gmt":"2023-09-01T16:05:25","slug":"historia","status":"publish","type":"page","link":"https:\/\/lillo.org.ar\/uel\/historia\/","title":{"rendered":"Historia"},"content":{"rendered":"<p align=\"justify\">\nGracias al decreto 310\/2007 se crea la actual estructura organizativa del CONICET que incluye gerencias, CCTs y Unidades Ejecutoras (UE). Desde la aparici\u00f3n de dicho decreto, un grupo de especialistas que trabaj\u00e1bamos en la manzana del Lillo iniciamos el largo camino de generar y aplicar para una UE.\n<\/p>\n<p align=\"justify\">\nA principios del 2013 presentamos la documentaci\u00f3n que luego de un tiempo fue aprobada por medio de un convenio entre el CONICET (nuestro empleador y financiador) y la contraparte, la Fundaci\u00f3n Miguel Lillo (organismo sin fines de lucro dependiente del Ministerio de Educaci\u00f3n Provincial). Finalmente, a mediados de 2014 sali\u00f3 la resoluci\u00f3n oficializando la UE Lillo (Res. 2447\/2014).\n<\/p>\n<p align=\"justify\">\nNuestra Unidad Ejecutora Lillo (UEL) agrupa a personal del  CONICET que sigue tres carreras: cient\u00edfica, t\u00e9cnica y administrativa, adem\u00e1s de las becas CONICET y Agencia que permiten desarrollar y doctorarse.\n<\/p>\n<p align=\"justify\">\nNuestra gente pertenece mayoritariamente a las Ciencias Biol\u00f3gicas con formaciones y experticias muy bien definidas, ya sea en la teor\u00eda y metodolog\u00eda y el desarrollo de software en filogenia y biogeograf\u00eda, como as\u00ed tambi\u00e9n el estudio y conocimiento de organismos actuales y f\u00f3siles.\n<\/p>\n<p align=\"justify\">\nEl primer director por concurso fue Pablo Goloboff acompa\u00f1ado por Gustavo Scrocchi como vicedirector (2014-2019).<\/p>\n","protected":false},"excerpt":{"rendered":"<p>Gracias al decreto 310\/2007 se crea la actual estructura organizativa del CONICET que incluye gerencias, CCTs y Unidades Ejecutoras (UE). Desde la aparici\u00f3n de dicho decreto, un grupo de especialistas que trabaj\u00e1bamos en la manzana del Lillo iniciamos el largo camino de generar y aplicar para una UE. A principios del 2013 presentamos la documentaci\u00f3n [&hellip;]<\/p>\n","protected":false},"author":66,"featured_media":0,"parent":0,"menu_order":0,"comment_status":"closed","ping_status":"closed","template":"","meta":[],"aioseo_notices":[],"_links":{"self":[{"href":"https:\/\/lillo.org.ar\/uel\/wp-json\/wp\/v2\/pages\/1240"}],"collection":[{"href":"https:\/\/lillo.org.ar\/uel\/wp-json\/wp\/v2\/pages"}],"about":[{"href":"https:\/\/lillo.org.ar\/uel\/wp-json\/wp\/v2\/types\/page"}],"author":[{"embeddable":true,"href":"https:\/\/lillo.org.ar\/uel\/wp-json\/wp\/v2\/users\/66"}],"replies":[{"embeddable":true,"href":"https:\/\/lillo.org.ar\/uel\/wp-json\/wp\/v2\/comments?post=1240"}],"version-history":[{"count":4,"href":"https:\/\/lillo.org.ar\/uel\/wp-json\/wp\/v2\/pages\/1240\/revisions"}],"predecessor-version":[{"id":1613,"href":"https:\/\/lillo.org.ar\/uel\/wp-json\/wp\/v2\/pages\/1240\/revisions\/1613"}],"wp:attachment":[{"href":"https:\/\/lillo.org.ar\/uel\/wp-json\/wp\/v2\/media?parent=1240"}],"curies":[{"name":"wp","href":"https:\/\/api.w.org\/{rel}","templated":true}]}}