{"id":32,"date":"2016-12-17T04:26:20","date_gmt":"2016-12-17T04:26:20","guid":{"rendered":"http:\/\/127.0.0.1:90\/uel\/?page_id=32"},"modified":"2017-08-07T18:30:03","modified_gmt":"2017-08-07T21:30:03","slug":"biogeografia","status":"publish","type":"page","link":"http:\/\/lillo.org.ar\/uel\/biogeografia\/","title":{"rendered":"Biogeograf\u00eda"},"content":{"rendered":"\t<div class=\"gridable gridable--row\" >\n\t\t\t<div class=\"gridable--col col-4\" >\n\t\t<p><img loading=\"lazy\" src=\"http:\/\/lillo.org.ar\/uel\/wp-content\/uploads\/vineta-mapa.jpg\" alt=\"Mapa f\u00edsico de parte de Am\u00e9rica del Sur\" width=\"400\" height=\"400\" class=\"alignleft size-full wp-image-404\" srcset=\"http:\/\/lillo.org.ar\/uel\/wp-content\/uploads\/vineta-mapa.jpg 400w, http:\/\/lillo.org.ar\/uel\/wp-content\/uploads\/vineta-mapa-150x150.jpg 150w, http:\/\/lillo.org.ar\/uel\/wp-content\/uploads\/vineta-mapa-300x300.jpg 300w\" sizes=\"(max-width: 400px) 100vw, 400px\" \/><\/p>\t<\/div>\n\t<div class=\"gridable--col col-8\" >\n\t\t<p>En la UEL se desarrollan m\u00e9todos y programas computacionales sobre Biogeograf\u00eda y es, de hecho, uno de los centros de referencia a nivel mundial en esta rama.<br \/>\nEntre los temas biogeogr\u00e1ficos abordados por investigadores de la UEL se destacan la <strong>detecci\u00f3n de \u00e1reas de endemismos<\/strong> y la <strong>reconstrucci\u00f3n de las relaciones hist\u00f3ricas entre \u00e1reas en relaci\u00f3n a eventos de vicarianza<\/strong>.<\/p>\n<p>Entre los productos de la UEL relacionados con la Biogeograf\u00eda se destacan los programas <strong>NDM\/VNDM<\/strong> (Goloboff) y <strong>VIP<\/strong> (Arias).<\/p>\t<\/div>\n\t<\/div>\n\n","protected":false},"excerpt":{"rendered":"","protected":false},"author":1,"featured_media":0,"parent":0,"menu_order":0,"comment_status":"closed","ping_status":"closed","template":"","meta":[],"aioseo_notices":[],"_links":{"self":[{"href":"http:\/\/lillo.org.ar\/uel\/wp-json\/wp\/v2\/pages\/32"}],"collection":[{"href":"http:\/\/lillo.org.ar\/uel\/wp-json\/wp\/v2\/pages"}],"about":[{"href":"http:\/\/lillo.org.ar\/uel\/wp-json\/wp\/v2\/types\/page"}],"author":[{"embeddable":true,"href":"http:\/\/lillo.org.ar\/uel\/wp-json\/wp\/v2\/users\/1"}],"replies":[{"embeddable":true,"href":"http:\/\/lillo.org.ar\/uel\/wp-json\/wp\/v2\/comments?post=32"}],"version-history":[{"count":7,"href":"http:\/\/lillo.org.ar\/uel\/wp-json\/wp\/v2\/pages\/32\/revisions"}],"predecessor-version":[{"id":421,"href":"http:\/\/lillo.org.ar\/uel\/wp-json\/wp\/v2\/pages\/32\/revisions\/421"}],"wp:attachment":[{"href":"http:\/\/lillo.org.ar\/uel\/wp-json\/wp\/v2\/media?parent=32"}],"curies":[{"name":"wp","href":"https:\/\/api.w.org\/{rel}","templated":true}]}}