{"id":2306,"date":"2026-03-06T16:59:48","date_gmt":"2026-03-06T19:59:48","guid":{"rendered":"https:\/\/lillo.org.ar\/uel\/?page_id=2306"},"modified":"2026-03-16T12:54:15","modified_gmt":"2026-03-16T15:54:15","slug":"stan","status":"publish","type":"page","link":"http:\/\/lillo.org.ar\/uel\/stan\/","title":{"rendered":"STAN (Servicios Tecnol\u00f3gicos de Alto Nivel)"},"content":{"rendered":"<div class=\"areas_container\">\n<div class=\"areas_block stan\">\n<a href=\"https:\/\/lillo.org.ar\/uel\/?page_id=2339&#038;preview=true\"><\/p>\n<h3>Ictiolog\u00eda<\/h3>\n<p>Prospecci\u00f3n \u00edctica para l\u00ednea de base con vistas a la implementaci\u00f3n de plan para estimar caudales ecol\u00f3gicos <\/p>\n<p><\/a>\n<\/div>\n<div class=\"areas_block stan\">\n<a href=\"https:\/\/lillo.org.ar\/uel\/?page_id=2377&#038;preview=true\"><\/p>\n<h3>Capacitaci\u00f3n<\/h3>\n<p>Biolog\u00eda Organ\u00edsmica<\/p>\n<p><\/a>\n<\/div>\n<div class=\"areas_block stan\">\n<a href=\"https:\/\/lillo.org.ar\/uel\/?page_id=2381&#038;preview=true\"><\/p>\n<h3>Herpetolog\u00eda<\/h3>\n<p>Capacitaci\u00f3n y asesoramiento en anfibios y reptiles en aspectos generales, clasificaci\u00f3n, filogenia&#8230; <\/p>\n<p><\/a>\n<\/div>\n<div class=\"areas_block stan\">\n<a href=\"https:\/\/lillo.org.ar\/uel\/?page_id=2388&#038;preview=true\"><\/p>\n<h3>Herpetolog\u00eda (2)<\/h3>\n<p>Relevamiento, monitoreo, identificaci\u00f3n, conservaci\u00f3n, ecolog\u00eda y generalidades de anfibios y reptiles.<\/p>\n<p><\/a>\n<\/div>\n<div class=\"areas_block stan\">\n<a href=\"https:\/\/lillo.org.ar\/uel\/?page_id=2383&#038;preview=true\"><\/p>\n<h3>Mam\u00edferos<\/h3>\n<p>Capacitaci\u00f3n en estudios de biodiversidad de mam\u00edferos: relevamientos, elaboraci\u00f3n de planes de monitoreo&#8230;<\/p>\n<p><\/a>\n<\/div>\n<div class=\"areas_block stan\">\n<a href=\"https:\/\/lillo.org.ar\/uel\/?page_id=2392&#038;preview=true\"><\/p>\n<h3>Mam\u00edferos (2)<\/h3>\n<p>Servicios de relevamientos y monitoreos de diversidad de mam\u00edferos: relevamientos de l\u00ednea de base&#8230;<\/p>\n<p><\/a>\n<\/div>\n<\/div>\n","protected":false},"excerpt":{"rendered":"<p>Ictiolog\u00eda Prospecci\u00f3n \u00edctica para l\u00ednea de base con vistas a la implementaci\u00f3n de plan para estimar caudales ecol\u00f3gicos Capacitaci\u00f3n Biolog\u00eda Organ\u00edsmica Herpetolog\u00eda Capacitaci\u00f3n y asesoramiento en anfibios y reptiles en aspectos generales, clasificaci\u00f3n, filogenia&#8230; Herpetolog\u00eda (2) Relevamiento, monitoreo, identificaci\u00f3n, conservaci\u00f3n, ecolog\u00eda y generalidades de anfibios y reptiles. Mam\u00edferos Capacitaci\u00f3n en estudios de biodiversidad de mam\u00edferos: [&hellip;]<\/p>\n","protected":false},"author":66,"featured_media":0,"parent":0,"menu_order":0,"comment_status":"closed","ping_status":"closed","template":"","meta":[],"aioseo_notices":[],"_links":{"self":[{"href":"http:\/\/lillo.org.ar\/uel\/wp-json\/wp\/v2\/pages\/2306"}],"collection":[{"href":"http:\/\/lillo.org.ar\/uel\/wp-json\/wp\/v2\/pages"}],"about":[{"href":"http:\/\/lillo.org.ar\/uel\/wp-json\/wp\/v2\/types\/page"}],"author":[{"embeddable":true,"href":"http:\/\/lillo.org.ar\/uel\/wp-json\/wp\/v2\/users\/66"}],"replies":[{"embeddable":true,"href":"http:\/\/lillo.org.ar\/uel\/wp-json\/wp\/v2\/comments?post=2306"}],"version-history":[{"count":32,"href":"http:\/\/lillo.org.ar\/uel\/wp-json\/wp\/v2\/pages\/2306\/revisions"}],"predecessor-version":[{"id":2395,"href":"http:\/\/lillo.org.ar\/uel\/wp-json\/wp\/v2\/pages\/2306\/revisions\/2395"}],"wp:attachment":[{"href":"http:\/\/lillo.org.ar\/uel\/wp-json\/wp\/v2\/media?parent=2306"}],"curies":[{"name":"wp","href":"https:\/\/api.w.org\/{rel}","templated":true}]}}