{"id":1274,"date":"2022-07-25T15:13:07","date_gmt":"2022-07-25T18:13:07","guid":{"rendered":"http:\/\/lillo.org.ar\/uel\/\/?page_id=1274"},"modified":"2025-12-18T16:38:41","modified_gmt":"2025-12-18T19:38:41","slug":"botanica","status":"publish","type":"page","link":"http:\/\/lillo.org.ar\/uel\/botanica\/","title":{"rendered":"Bot\u00e1nica"},"content":{"rendered":"<section class=\"row gridable-mceItem gridable gridable--grid grid\" data-sh-row-attr-cols_nr=\"2\" data-gridable-row=\"1\" data-mce-placeholder=\"1\" contenteditable=\"false\"><\/section>\n<p align=\"justify\">El \u00c1rea de Bot\u00e1nica de la Unidad Ejecutora Lillo est\u00e1 integrado por investigadores, becari@s y una t\u00e9cnica en Ilustraci\u00f3n cientifica.<\/p>\n<p align=\"justify\">Nuestros estudios se centran en las briofitas (hep\u00e1ticas, musgos y antocerotes). Por un lado, se llevan cabo estudios de diversidad y ecolog\u00eda de briofitas en la provincia fitogeogr\u00e1fica del Espinal de Entre R\u00edos y Santa Fe.<\/p>\n<p align=\"justify\">Adem\u00e1s se realizan estudios de Sistem\u00e1tica, Filogenia y Macroevoluci\u00f3n de especies actuales y f\u00f3siles mediante el an\u00e1lisis de datos morfol\u00f3gicos y moleculares.<\/p>\n<div id='gallery-1' class='gallery galleryid-1274 gallery-columns-3 gallery-size-medium'><figure class='gallery-item'>\n\t\t\t<div class='gallery-icon landscape'>\n\t\t\t\t<a href='http:\/\/lillo.org.ar\/uel\/botanica\/20240329_133213\/'><img width=\"400\" height=\"300\" src=\"http:\/\/lillo.org.ar\/uel\/wp-content\/uploads\/20240329_133213-400x300.jpg\" class=\"attachment-medium size-medium\" alt=\"\" loading=\"lazy\" srcset=\"http:\/\/lillo.org.ar\/uel\/wp-content\/uploads\/20240329_133213-400x300.jpg 400w, http:\/\/lillo.org.ar\/uel\/wp-content\/uploads\/20240329_133213-760x570.jpg 760w, http:\/\/lillo.org.ar\/uel\/wp-content\/uploads\/20240329_133213-768x576.jpg 768w, http:\/\/lillo.org.ar\/uel\/wp-content\/uploads\/20240329_133213.jpg 1200w\" sizes=\"(max-width: 400px) 100vw, 400px\" \/><\/a>\n\t\t\t<\/div><\/figure><figure class='gallery-item'>\n\t\t\t<div class='gallery-icon landscape'>\n\t\t\t\t<a href='http:\/\/lillo.org.ar\/uel\/botanica\/20231227_143309\/'><img width=\"400\" height=\"300\" src=\"http:\/\/lillo.org.ar\/uel\/wp-content\/uploads\/20231227_143309-400x300.jpg\" class=\"attachment-medium size-medium\" alt=\"\" loading=\"lazy\" srcset=\"http:\/\/lillo.org.ar\/uel\/wp-content\/uploads\/20231227_143309-400x300.jpg 400w, http:\/\/lillo.org.ar\/uel\/wp-content\/uploads\/20231227_143309-760x570.jpg 760w, http:\/\/lillo.org.ar\/uel\/wp-content\/uploads\/20231227_143309-768x576.jpg 768w, http:\/\/lillo.org.ar\/uel\/wp-content\/uploads\/20231227_143309.jpg 1200w\" sizes=\"(max-width: 400px) 100vw, 400px\" \/><\/a>\n\t\t\t<\/div><\/figure><figure class='gallery-item'>\n\t\t\t<div class='gallery-icon landscape'>\n\t\t\t\t<a href='http:\/\/lillo.org.ar\/uel\/botanica\/musgo-2\/'><img width=\"400\" height=\"300\" src=\"http:\/\/lillo.org.ar\/uel\/wp-content\/uploads\/musgo-2-400x300.jpg\" class=\"attachment-medium size-medium\" alt=\"\" loading=\"lazy\" srcset=\"http:\/\/lillo.org.ar\/uel\/wp-content\/uploads\/musgo-2-400x300.jpg 400w, http:\/\/lillo.org.ar\/uel\/wp-content\/uploads\/musgo-2-760x570.jpg 760w, http:\/\/lillo.org.ar\/uel\/wp-content\/uploads\/musgo-2-768x576.jpg 768w, http:\/\/lillo.org.ar\/uel\/wp-content\/uploads\/musgo-2.jpg 1200w\" sizes=\"(max-width: 400px) 100vw, 400px\" \/><\/a>\n\t\t\t<\/div><\/figure><figure class='gallery-item'>\n\t\t\t<div class='gallery-icon landscape'>\n\t\t\t\t<a href='http:\/\/lillo.org.ar\/uel\/botanica\/foto-9\/'><img width=\"400\" height=\"182\" src=\"http:\/\/lillo.org.ar\/uel\/wp-content\/uploads\/foto-9-400x182.jpg\" class=\"attachment-medium size-medium\" alt=\"\" loading=\"lazy\" srcset=\"http:\/\/lillo.org.ar\/uel\/wp-content\/uploads\/foto-9-400x182.jpg 400w, http:\/\/lillo.org.ar\/uel\/wp-content\/uploads\/foto-9-760x345.jpg 760w, http:\/\/lillo.org.ar\/uel\/wp-content\/uploads\/foto-9-768x349.jpg 768w, http:\/\/lillo.org.ar\/uel\/wp-content\/uploads\/foto-9-1536x697.jpg 1536w, http:\/\/lillo.org.ar\/uel\/wp-content\/uploads\/foto-9.jpg 1547w\" sizes=\"(max-width: 400px) 100vw, 400px\" \/><\/a>\n\t\t\t<\/div><\/figure><figure class='gallery-item'>\n\t\t\t<div class='gallery-icon landscape'>\n\t\t\t\t<a href='http:\/\/lillo.org.ar\/uel\/botanica\/img-20250306-wa0039-1\/'><img width=\"400\" height=\"189\" src=\"http:\/\/lillo.org.ar\/uel\/wp-content\/uploads\/img-20250306-wa0039-1-400x189.jpg\" class=\"attachment-medium size-medium\" alt=\"\" loading=\"lazy\" srcset=\"http:\/\/lillo.org.ar\/uel\/wp-content\/uploads\/img-20250306-wa0039-1-400x189.jpg 400w, http:\/\/lillo.org.ar\/uel\/wp-content\/uploads\/img-20250306-wa0039-1-760x359.jpg 760w, http:\/\/lillo.org.ar\/uel\/wp-content\/uploads\/img-20250306-wa0039-1-768x363.jpg 768w, http:\/\/lillo.org.ar\/uel\/wp-content\/uploads\/img-20250306-wa0039-1-1536x726.jpg 1536w, http:\/\/lillo.org.ar\/uel\/wp-content\/uploads\/img-20250306-wa0039-1.jpg 1800w\" sizes=\"(max-width: 400px) 100vw, 400px\" \/><\/a>\n\t\t\t<\/div><\/figure>\n\t\t<\/div>\n\n<h3>Investigadores:<\/h3>\n<p><table class= 'bibliplug-authors'><tr><td><a href='http:\/\/lillo.org.ar\/uel\/author\/jorge-rafael-flores\/'><img alt='Jorge Flores' src='http:\/\/lillo.org.ar\/uel\/wp-content\/uploads\/jorge-flores_avatar_1505420846-120x120.jpg' class='avatar avatar-120 photo' height='120' width='120' \/><\/a><\/td><td><strong><a href='http:\/\/lillo.org.ar\/uel\/author\/jorge-rafael-flores\/'>Jorge R. Flores<\/strong><\/a><br\/>Investigador Asistente\r<br\/>CONICET\r<br\/>Bot\u00e1nica <\/td><tr><\/table><br \/>\n<table class= 'bibliplug-authors'><tr><td><a href='http:\/\/lillo.org.ar\/uel\/author\/meza-torres\/'><img alt='Esteban Meza Torres' src='http:\/\/lillo.org.ar\/uel\/wp-content\/uploads\/esteban-meza-120x120.jpeg' class='avatar avatar-120 photo' height='120' width='120' \/><\/a><\/td><td><strong><a href='http:\/\/lillo.org.ar\/uel\/author\/meza-torres\/'>Esteban Ismael Meza Torres<\/strong><\/a><br\/>Investigador Adjunto \r<br\/>CONICET\r<br\/>Bot\u00e1nica<\/td><tr><\/table><br \/>\n<table class= 'bibliplug-authors'><tr><td><a href='http:\/\/lillo.org.ar\/uel\/author\/guillermo-suarez\/'><img alt='Guillermo Su\u00e1rez' src='http:\/\/lillo.org.ar\/uel\/wp-content\/uploads\/guillermo-suarez_avatar_1503506251-120x120.jpg' class='avatar avatar-120 photo' height='120' width='120' \/><\/a><\/td><td><strong><a href='http:\/\/lillo.org.ar\/uel\/author\/guillermo-suarez\/'>Guillermo M. Su\u00e1rez<\/strong><\/a><br\/>Investigador Independiente\r<br\/>CONICET\r<br\/>Bot\u00e1nica<\/td><tr><\/table><\/p>\n<h3>Becarios doctorales:<\/h3>\n<table class= 'bibliplug-authors'><tr><td><a href='http:\/\/lillo.org.ar\/uel\/author\/denise-alvarez15hotmail-com\/'><img alt='Denise Jacqueline Alvarez' src='http:\/\/lillo.org.ar\/uel\/wp-content\/uploads\/denise-120x120.jpg' class='avatar avatar-120 photo' height='120' width='120' \/><\/a><\/td><td><strong><a href='http:\/\/lillo.org.ar\/uel\/author\/denise-alvarez15hotmail-com\/'>Denise Jacqueline Alvarez<\/strong><\/a><br\/>Becaria doctoral\r<br\/>CONICET<\/td><tr><\/table>\n<h3>Personal de Apoyo:<\/h3>\n<table class= 'bibliplug-authors'><tr><td><a href='http:\/\/lillo.org.ar\/uel\/author\/carmenullivarrigmail-com\/'><img alt='' src='http:\/\/2.gravatar.com\/avatar\/55ed58d895774f344d583b427fc4694a?s=120&#038;d=mm&#038;r=g' srcset='http:\/\/2.gravatar.com\/avatar\/55ed58d895774f344d583b427fc4694a?s=240&#038;d=mm&#038;r=g 2x' class='avatar avatar-120 photo' height='120' width='120' loading='lazy'\/><\/a><\/td><td><strong><a href='http:\/\/lillo.org.ar\/uel\/author\/carmenullivarrigmail-com\/'>Carmen Fern\u00e1ndez de Ullivarri<\/strong><\/a><br\/>CPA Profesional Asistente\r<br\/>Ilustraci\u00f3n cient\u00edfica<\/td><tr><\/table>\n","protected":false},"excerpt":{"rendered":"<p>El \u00c1rea de Bot\u00e1nica de la Unidad Ejecutora Lillo est\u00e1 integrado por investigadores, becari@s y una t\u00e9cnica en Ilustraci\u00f3n cientifica. Nuestros estudios se centran en las briofitas (hep\u00e1ticas, musgos y antocerotes). Por un lado, se llevan cabo estudios de diversidad y ecolog\u00eda de briofitas en la provincia fitogeogr\u00e1fica del Espinal de Entre R\u00edos y Santa [&hellip;]<\/p>\n","protected":false},"author":66,"featured_media":0,"parent":0,"menu_order":0,"comment_status":"closed","ping_status":"closed","template":"","meta":[],"aioseo_notices":[],"_links":{"self":[{"href":"http:\/\/lillo.org.ar\/uel\/wp-json\/wp\/v2\/pages\/1274"}],"collection":[{"href":"http:\/\/lillo.org.ar\/uel\/wp-json\/wp\/v2\/pages"}],"about":[{"href":"http:\/\/lillo.org.ar\/uel\/wp-json\/wp\/v2\/types\/page"}],"author":[{"embeddable":true,"href":"http:\/\/lillo.org.ar\/uel\/wp-json\/wp\/v2\/users\/66"}],"replies":[{"embeddable":true,"href":"http:\/\/lillo.org.ar\/uel\/wp-json\/wp\/v2\/comments?post=1274"}],"version-history":[{"count":48,"href":"http:\/\/lillo.org.ar\/uel\/wp-json\/wp\/v2\/pages\/1274\/revisions"}],"predecessor-version":[{"id":2263,"href":"http:\/\/lillo.org.ar\/uel\/wp-json\/wp\/v2\/pages\/1274\/revisions\/2263"}],"wp:attachment":[{"href":"http:\/\/lillo.org.ar\/uel\/wp-json\/wp\/v2\/media?parent=1274"}],"curies":[{"name":"wp","href":"https:\/\/api.w.org\/{rel}","templated":true}]}}